{"id":36432,"date":"2019-08-23T09:56:03","date_gmt":"2019-08-23T07:56:03","guid":{"rendered":"https:\/\/vayu.se\/?page_id=36432"},"modified":"2019-12-18T09:48:51","modified_gmt":"2019-12-18T08:48:51","slug":"yoga-for-nyborjare","status":"publish","type":"page","link":"https:\/\/vayu.se\/?page_id=36432","title":{"rendered":"Yoga f\u00f6r nyb\u00f6rjare"},"content":{"rendered":"<p>Yoga f\u00f6r nyb\u00f6rjare \u00e4r en kurs d\u00e4r vi g\u00e5r igenom yogans grunder och d\u00e4r du f\u00e5r prova p\u00e5 v\u00e5ra olika yogaformer f\u00f6r att i lugn och ro k\u00e4nna om yoga \u00e4r n\u00e5got f\u00f6r dig och i s\u00e5 fall vilken\/vilka former som passar just dig b\u00e4st. <br>Efter grundkursen kan du g\u00e5 vidare till n\u00e5gon av v\u00e5ra befintliga klasser.<br>Kursen \u00e4r f\u00f6r alla som \u00e4r nyfikna p\u00e5 yoga och det spelar ingen roll hur stel eller svag man k\u00e4nner sig. Yoga kan alla g\u00f6ra bara man utg\u00e5r fr\u00e5n sina egna f\u00f6ruts\u00e4ttningar.<\/p><p>M\u00e5ndagar 11.05-12.00<br>Kurs: 4 ggr<br>L\u00e4rare: Bodil Dahlqvist Johansson<br>Start: 13\/1 2020<br><\/p><p><br><\/p><p><\/p>","protected":false},"excerpt":{"rendered":"<p>Yoga f\u00f6r nyb\u00f6rjare \u00e4r en kurs d\u00e4r vi g\u00e5r igenom yogans grunder och d\u00e4r du f\u00e5r prova p\u00e5 v\u00e5ra olika yogaformer f\u00f6r att i lugn och ro k\u00e4nna om yoga \u00e4r n\u00e5got f\u00f6r dig och i s\u00e5 fall vilken\/vilka former som passar just dig b\u00e4st. Efter grundkursen kan du g\u00e5 vidare till n\u00e5gon av v\u00e5ra befintliga klasser.Kursen \u00e4r f\u00f6r alla som \u00e4r nyfikna p\u00e5 yoga och det spelar ingen roll hur stel eller svag man k\u00e4nner sig. Yoga kan alla g\u00f6ra bara man utg\u00e5r fr\u00e5n sina egna f\u00f6ruts\u00e4ttningar. M\u00e5ndagar 11.05-12.00Kurs:&#8230;<a class=\"read-more\" href=\"https:\/\/vayu.se\/?page_id=36432\">read more<\/a><\/p>\n","protected":false},"author":2,"featured_media":0,"parent":0,"menu_order":0,"comment_status":"closed","ping_status":"closed","template":"","meta":{"ngg_post_thumbnail":0,"footnotes":""},"class_list":["post-36432","page","type-page","status-publish","hentry","et-no-image","et-bg-layout-dark","et-white-bg"],"aioseo_notices":[],"_links":{"self":[{"href":"https:\/\/vayu.se\/index.php?rest_route=\/wp\/v2\/pages\/36432"}],"collection":[{"href":"https:\/\/vayu.se\/index.php?rest_route=\/wp\/v2\/pages"}],"about":[{"href":"https:\/\/vayu.se\/index.php?rest_route=\/wp\/v2\/types\/page"}],"author":[{"embeddable":true,"href":"https:\/\/vayu.se\/index.php?rest_route=\/wp\/v2\/users\/2"}],"replies":[{"embeddable":true,"href":"https:\/\/vayu.se\/index.php?rest_route=%2Fwp%2Fv2%2Fcomments&post=36432"}],"version-history":[{"count":6,"href":"https:\/\/vayu.se\/index.php?rest_route=\/wp\/v2\/pages\/36432\/revisions"}],"predecessor-version":[{"id":36736,"href":"https:\/\/vayu.se\/index.php?rest_route=\/wp\/v2\/pages\/36432\/revisions\/36736"}],"wp:attachment":[{"href":"https:\/\/vayu.se\/index.php?rest_route=%2Fwp%2Fv2%2Fmedia&parent=36432"}],"curies":[{"name":"wp","href":"https:\/\/api.w.org\/{rel}","templated":true}]}}